2 - 8)).
2
Suppose h = 4 - 2. Let v be (-1)/(h/31)*-2. Suppose 3*s - v = 5*y + 19, -2*y - 90 = -4*s. List the prime factors of s.
5
Let m(g) = -g**3 - 4*g**2 + 5*g - 7. What are the prime factors of m(-10)?
3, 181
Let k(a) = a**2 + 2*a + 8. Let t = 79 + -75. List the prime factors of k(t).
2
Suppose -9*n - 3*z = -4*n - 505, 5*n - 2*z = 480. Suppose -3*j = 10*d - 6*d - 426, 0 = -d - 5*j + n. What are the prime factors of d?
2, 3
Let v(p) = -23*p + 1. Suppose -5*i + 2*l - 1 = -l, -4*i = -4*l + 4. Let h be ((-3)/i - -2) + 0. What are the prime factors of v(h)?
2, 3
Let t = 38 - 10. Let d = 57 - t. List the prime factors of d.
29
Suppose 3*w = 2*m + 788, 2*w + 4*m = 640 - 88. List the prime factors of w.
2, 7, 19
Suppose 160*h - 6400 = 150*h. List the prime factors of h.
2, 5
Suppose -2*j = 3*j - 15. Suppose 3*f - 5 = -4*t, j*f + 1 = 4*t - 10. Suppose -y = -2*q - 8 - 8, -33 = -t*y + 5*q. List the prime factors of y.
2, 7
Let y = 3258 - 1943. What are the prime factors of y?
5, 263
Suppose -v = 4*m + 2*v - 2859, -2*v = -2. List the prime factors of m.
2, 3, 7, 17
Let z(c) = -2*c + 6. Let y be z(6). Let q(r) = -66*r**3 + 31*r**3 + 7*r**2 + 8*r + 2*r**2 + 36*r**3 + 9. What are the prime factors of q(y)?
3, 23
Suppose 3*p = -3*u - 84, 2*p = -3*u - 19 - 33. Let a = p - -93. What are the prime factors of a?
61
Suppose 0 = -z + 38 - 11. Suppose o + 0*o - 7 = 2*w, 2*w = -3*o - z. What are the prime factors of 4*3/w + 21?
19
Suppose 256 = 6*s - 80. Suppose 2*m = -20 + s. What are the prime factors of m?
2, 3
Suppose 0 = -3*l + 8 - 2. Suppose l*k - 4*j = 82, 4*j = -4*k - k + 219. Suppose 2 = i - k. List the prime factors of i.
3, 5
Suppose 5*f = j - 21 - 19, -5*j - 4*f + 84 = 0. Suppose -435 = -j*n + 17*n. List the prime factors of n.
5, 29
Suppose -2*i + 5*v = -277, -304 = -4*i - v + 283. List the prime factors of i.
2, 73
Let j = -541 + 825. List the prime factors of j.
2, 71
Suppose 3*m - 2*m = 16. Suppose 14*s + 46 = m*s. List the prime factors of s.
23
Let f(j) = j**2 + 21*j + 24. Let g be f(-20). Suppose -3*b = -4*v - 66, b = -b + g*v + 44. What are the prime factors of b?
2, 11
Let d = 16 + 7. Suppose -v + d = -19. List the prime factors of v.
2, 3, 7
Suppose 4*y = -4*f - 312, 418 = -5*y - f + 3*f. Let j = y - -148. Suppose 0 = 5*i - j - 59. What are the prime factors of i?
5
Let y be 4/10 + (-6616)/40. Let x = -106 - y. What are the prime factors of x?
59
Suppose -68392 = -12*z + 8. List the prime factors of z.
2, 3, 5, 19
Suppose 2*t + 3*j = 18, -2*t - 5*j = -0*t - 26. Suppose 0 = 5*w - 22 - t. Suppose -2*m - k + 60 = 3*k, -3*k = -w*m + 150. List the prime factors of m.
2, 3, 5
Let b = 37 + -26. Let p(o) = 9*o + 1. What are the prime factors of p(b)?
2, 5
Let s = 41 - 36. Suppose t + s*x = -133, 4*x - x = 6. What are the prime factors of (t + 17)*(-1)/2?
3, 7
Let z = 220 + 1086. List the prime factors of z.
2, 653
Let i(v) = 20*v**2 + 7*v + 11. Let l(z) = -20*z**2 - 7*z - 11. Let m(o) = 4*i(o) + 3*l(o). List the prime factors of m(-3).
2, 5, 17
Let r be 40/12 - (-4)/(-12). Suppose x + r = 0, g = -2*g + 5*x + 39. Suppose g + 84 = 4*y. What are the prime factors of y?
23
Let n = -679 - -1098. What are the prime factors of n?
419
Let l(b) = 19*b**2 - 33*b - 23. List the prime factors of l(-11).
7, 13, 29
Let z(g) = -g**2 + 11*g + 384. List the prime factors of z(0).
2, 3
Let r = 40 + -38. Suppose -2*o = 2*o. What are the prime factors of r - -1 - (o + -3)?
2, 3
Let a(i) = 3*i - 14. Let x be a(7). Suppose x*s = 12*s - 380. List the prime factors of s.
2, 19
Suppose 2*y = -5*c + 3*y, 3*y = -2*c. Suppose c = k - 5*k + 28. Let x = -3 + k. List the prime factors of x.
2
Let w(y) = y + 133. Let f = 64 - 64. List the prime factors of w(f).
7, 19
Let m(p) = 49*p**2 - 6*p - 5. List the prime factors of m(-3).
2, 227
Suppose 10*d + 332 = -78. Suppose 345 = 7*x - 2*x. Let n = x + d. What are the prime factors of n?
2, 7
Suppose 3 + 18 = 3*u + 3*r, 5*r + 1 = u. Suppose 0 = 2*o - u*o - 592. Let c = -93 - o. List the prime factors of c.
5, 11
Suppose b - 3*z - 793 = 0, 1312 = 3*b - 5*z - 1087. List the prime factors of b.
2, 101
Let x = 879 + -50. List the prime factors of x.
829
Let o(u) = u**3 - 2*u**2 - 12*u + 28. Let a be o(4). Suppose -a*c = c - 2236. List the prime factors of c.
2, 43
Let b = -2696 + 2708. What are the prime factors of b?
2, 3
Suppose 3*q - 4*w = -12 - 26, 4*q + 50 = 5*w. Let g be (-26)/(-10) + 6/q. Suppose 0 = g*n + 34 - 120. List the prime factors of n.
43
Suppose -29*o + 77*o - 48672 = 0. What are the prime factors of o?
2, 3, 13
Let z = 160 + -100. Let h = 88 - z. List the prime factors of h.
2, 7
Let w be (-485)/(-15) + (-1)/3. Let z = 38 - w. List the prime factors of z.
2, 3
Let g(s) = 5*s + 4. Let x be g(-3). Let k = 45 - x. List the prime factors of k.
2, 7
Suppose 3*v - 126 - 88 = -5*a, -2*v + 129 = 3*a. What are the prime factors of (0 + a)/(-1 - -2)?
41
Let c(l) = 5*l + 7. Let d(q) = q**3 + 12*q**2 - 14*q - 3. Let a be d(-13). List the prime factors of c(a).
3, 19
Let i(j) = -2*j + 2. Let p be i(1). Suppose r + 4*m - 96 = p, 0 = -5*m + 2*m + 15. What are the prime factors of r?
2, 19
Let z = -2 + 9. Let r be ((-89)/(-2))/(z/14). Suppose -r + 32 = -4*d - 3*k, 85 = 5*d + k. List the prime factors of d.
2, 3
Suppose -12*x = -13*x + 32. Suppose -x = q - 89. What are the prime factors of q?
3, 19
List the prime factors of 6038/5 - (-9)/(-15).
17, 71
Suppose 34*f - 43*f + 7074 = 0. List the prime factors of f.
2, 3, 131
Let z be 10/(1/21*6). Suppose -4*o + 15 = z. What are the prime factors of 43 + -2 + o + 3?
3, 13
Suppose 5*k - d - 15 = 0, 4*k + 18 = 4*d + 46. Suppose -3*f - 36 = -3*r, k*r = 3*r - 3*f - 6. What are the prime factors of r?
3, 5
Suppose -4*p + 30 = 2*i, -2*p + 35 = 3*p + 5*i. Suppose -2*h + p = o, 4*h + o = 6*o - 12. What are the prime factors of h?
2
Suppose 0 = -4*l + 121 + 759. What are the prime factors of l?
2, 5, 11
Let n be (-9)/((-27)/192) - 2/1. Let l = 224 + -117. Let z = l - n. List the prime factors of z.
3, 5
Suppose -5*c + 1743 = 13. Suppose 0 = 3*v + 2*s - 3*s - c, -440 = -4*v - 4*s. List the prime factors of v.
2, 3, 19
Suppose 0 = -l - 3 - 30. Let j = l + 160. What are the prime factors of j?
127
Let i(f) = f**2 - 33. Let u be i(-5). List the prime factors of (-942)/(-3) + u/4.
2, 3, 13
List the prime factors of (12/18 - 4/12)*5541.
1847
Suppose 38 = 3*d - 574. Suppose 0 = 4*q + 52 - d. List the prime factors of q.
2, 19
Suppose -4*q - h + 18 = 0, -2*q + q + 2*h = 0. Suppose -3*f + 27 = -3*l - 6*f, -q*f = 12. Let i(u) = u**2 + 3*u - 5. What are the prime factors of i(l)?
13
Let b(p) = 3*p + p**2 + 8*p + 8*p - 16*p - 2. List the prime factors of b(2).
2
Let i be ((-10)/40)/(2/(-16)). Suppose -2*z = 5*y - 255, 3*y + 0*z - i*z - 137 = 0. What are the prime factors of y?
7
Suppose -4*z + 4*s = 5*s - 110, 3*s = -5*z + 141. Let w = -27 + z. Suppose j + 1 = 0, w = -2*u - 3*u - j + 174. List the prime factors of u.
5, 7
Let l be ((-20)/(-6))/(-6*1/(-9)). List the prime factors of (l/25)/(-1) - 1342/(-10).
2, 67
Let j(i) be the first derivative of 43*i**2/2 + 3*i - 5. What are the prime factors of j(2)?
89
Suppose -2*a + a = -336. Suppose -a = -7*b + 3*b. Suppose -4*c = -0*c - 3*w - b, 4 = w. What are the prime factors of c?
2, 3
Let o be (-2)/(3 - 57/21). List the prime factors of o + 11 + 158/2.
83
Let x = 40 + -57. Let g(f) = -13*f - 49. What are the prime factors of g(x)?
2, 43
Let o(h) = -h**2 + 4*h - 5. Let z be o(2). What are the prime factors of 54/2 - -3 - (-2)/z?
2, 7
Let o(a) = -3*a**3 - 3*a**2 - 4*a - 4. Let v be o(-2). Let z(w) = -w + 21. List the prime factors of z(v).
5
Let s = 261 - 246. What are the prime factors of s?
3, 5
Let q(o) = o**3 + 7*o**2 - 19*o - 6. Let j be q(-9). List the prime factors of (146/j)/((-22)/(-33)).
73
Let z = 860 - 68. List the prime factors of z.
2, 3, 11
Let k = -2 - 6. Let u be 9/11 - k/44. Suppose -17 = -2*h + t, u - 5 = -4*t. List the prime factors of h.
3
Let m = -420 - -4433. List the prime factors of m.
4013
Let h = -7 + 14. Let c(j) = j - h*j + j - 7. List the prime factors of c(-7).
2, 7
Suppose 172*h - 3126 = 169*h. List the prime factors of h.
2, 521
Let j(g) = g - 1. Let s be j(0). Let k be (-2)/s*(-793)/26. Let o = 88 + k. List the prime factors of o.